{"id":1204,"date":"2025-06-30T19:25:40","date_gmt":"2025-06-30T19:25:40","guid":{"rendered":"http:\/\/fzqjgde.cluster100.hosting.ovh.net\/?page_id=1204"},"modified":"2025-11-02T21:47:02","modified_gmt":"2025-11-02T21:47:02","slug":"elecciones-2024","status":"publish","type":"page","link":"https:\/\/aragontenis.com\/index.php\/elecciones-2024\/","title":{"rendered":"ELECCIONES 2024"},"content":{"rendered":"\n<p class=\"has-kubio-color-6-color has-text-color has-link-color wp-elements-780e19fa9ed94fad5c1d93e90d26ea75\" style=\"font-size:16px\">Documentaci\u00f3n referente al proceso electoral celebrado en 2024, que finaliz\u00f3 con la renovaci\u00f3n de la presidencia de <strong>Miguel Angel Palaz\u00f3n<\/strong> para el per\u00edodo 2024-2028.<\/p>\n\n\n\n\n\n<div data-wp-interactive=\"core\/file\" class=\"wp-block-file\"><object data-wp-bind--hidden=\"!state.hasPdfPreview\" hidden class=\"wp-block-file__embed\" data=\"http:\/\/fzqjgde.cluster100.hosting.ovh.net\/wp-content\/uploads\/2025\/06\/COMPOSICION-ASAMBLEA.pdf\" type=\"application\/pdf\" style=\"width:100%;height:600px\" aria-label=\"Incrustado de COMPOSICIO\u0301N ASAMBLEA.\"><\/object><a id=\"wp-block-file--media-0482fde6-8bd3-4ddb-a4b0-ec725b68a82b\" href=\"http:\/\/fzqjgde.cluster100.hosting.ovh.net\/wp-content\/uploads\/2025\/06\/COMPOSICION-ASAMBLEA.pdf\">COMPOSICIO\u0301N ASAMBLEA<\/a><\/div>\n\n\n\n<div data-wp-interactive=\"core\/file\" class=\"wp-block-file\"><object data-wp-bind--hidden=\"!state.hasPdfPreview\" hidden class=\"wp-block-file__embed\" data=\"http:\/\/fzqjgde.cluster100.hosting.ovh.net\/wp-content\/uploads\/2025\/06\/CENSO-DEPORTISTAS.pdf\" type=\"application\/pdf\" style=\"width:100%;height:600px\" aria-label=\"Incrustado de CENSO DEPORTISTAS.\"><\/object><a id=\"wp-block-file--media-5ae02304-c656-49bd-8eb8-adbaf4f1afe5\" href=\"http:\/\/fzqjgde.cluster100.hosting.ovh.net\/wp-content\/uploads\/2025\/06\/CENSO-DEPORTISTAS.pdf\">CENSO DEPORTISTAS<\/a><\/div>\n\n\n\n<div data-wp-interactive=\"core\/file\" class=\"wp-block-file\"><object data-wp-bind--hidden=\"!state.hasPdfPreview\" hidden class=\"wp-block-file__embed\" data=\"http:\/\/fzqjgde.cluster100.hosting.ovh.net\/wp-content\/uploads\/2025\/06\/CENSO-TECNICOS.pdf\" type=\"application\/pdf\" style=\"width:100%;height:600px\" aria-label=\"Incrustado de CENSO TE\u0301CNICOS.\"><\/object><a id=\"wp-block-file--media-9ec6509c-9f1e-4181-a6a9-7b419e33527d\" href=\"http:\/\/fzqjgde.cluster100.hosting.ovh.net\/wp-content\/uploads\/2025\/06\/CENSO-TECNICOS.pdf\">CENSO TE\u0301CNICOS<\/a><\/div>\n\n\n\n<div data-wp-interactive=\"core\/file\" class=\"wp-block-file\"><object data-wp-bind--hidden=\"!state.hasPdfPreview\" hidden class=\"wp-block-file__embed\" data=\"http:\/\/fzqjgde.cluster100.hosting.ovh.net\/wp-content\/uploads\/2025\/06\/CLUBES-DEPORTIVOS.pdf\" type=\"application\/pdf\" style=\"width:100%;height:600px\" aria-label=\"Incrustado de CLUBES DEPORTIVOS.\"><\/object><a id=\"wp-block-file--media-9b55af27-2a7f-47de-a0fa-125d290aebd9\" href=\"http:\/\/fzqjgde.cluster100.hosting.ovh.net\/wp-content\/uploads\/2025\/06\/CLUBES-DEPORTIVOS.pdf\">CLUBES DEPORTIVOS<\/a><\/div>\n\n\n\n<div data-wp-interactive=\"core\/file\" class=\"wp-block-file\"><object data-wp-bind--hidden=\"!state.hasPdfPreview\" hidden class=\"wp-block-file__embed\" data=\"http:\/\/fzqjgde.cluster100.hosting.ovh.net\/wp-content\/uploads\/2025\/06\/CENSO-ARBITRAL.pdf\" type=\"application\/pdf\" style=\"width:100%;height:600px\" aria-label=\"Incrustado de CENSO ARBITRAL.\"><\/object><a id=\"wp-block-file--media-1c967f24-9ee2-4c90-85b9-3a35df7976f7\" href=\"http:\/\/fzqjgde.cluster100.hosting.ovh.net\/wp-content\/uploads\/2025\/06\/CENSO-ARBITRAL.pdf\">CENSO ARBITRAL<\/a><\/div>\n\n\n\n<div data-wp-interactive=\"core\/file\" class=\"wp-block-file\"><object data-wp-bind--hidden=\"!state.hasPdfPreview\" hidden class=\"wp-block-file__embed\" data=\"http:\/\/fzqjgde.cluster100.hosting.ovh.net\/wp-content\/uploads\/2025\/06\/REGLAMENTO-ELECTORAL.pdf\" type=\"application\/pdf\" style=\"width:100%;height:600px\" aria-label=\"Incrustado de REGLAMENTO ELECTORAL.\"><\/object><a id=\"wp-block-file--media-70487ed4-7770-45f1-9890-a868a9020304\" href=\"http:\/\/fzqjgde.cluster100.hosting.ovh.net\/wp-content\/uploads\/2025\/06\/REGLAMENTO-ELECTORAL.pdf\">REGLAMENTO ELECTORAL<\/a><\/div>\n","protected":false},"excerpt":{"rendered":"<p>Documentaci\u00f3n referente al proceso electoral celebrado en 2024, que finaliz\u00f3 con la renovaci\u00f3n de la presidencia de Miguel Angel Palaz\u00f3n para el per\u00edodo 2024-2028.<\/p>\n","protected":false},"author":1,"featured_media":0,"parent":0,"menu_order":0,"comment_status":"closed","ping_status":"closed","template":"","meta":{"saved_in_kubio":true,"_monsterinsights_skip_tracking":false,"_monsterinsights_sitenote_active":false,"_monsterinsights_sitenote_note":"","_monsterinsights_sitenote_category":0,"_uf_show_specific_survey":0,"_uf_disable_surveys":false,"_mc_calendar":[],"footnotes":""},"class_list":["post-1204","page","type-page","status-publish","hentry"],"aioseo_notices":[],"kubio_ai_page_context":{"short_desc":"","purpose":"general"},"_links":{"self":[{"href":"https:\/\/aragontenis.com\/index.php\/wp-json\/wp\/v2\/pages\/1204","targetHints":{"allow":["GET"]}}],"collection":[{"href":"https:\/\/aragontenis.com\/index.php\/wp-json\/wp\/v2\/pages"}],"about":[{"href":"https:\/\/aragontenis.com\/index.php\/wp-json\/wp\/v2\/types\/page"}],"author":[{"embeddable":true,"href":"https:\/\/aragontenis.com\/index.php\/wp-json\/wp\/v2\/users\/1"}],"replies":[{"embeddable":true,"href":"https:\/\/aragontenis.com\/index.php\/wp-json\/wp\/v2\/comments?post=1204"}],"version-history":[{"count":8,"href":"https:\/\/aragontenis.com\/index.php\/wp-json\/wp\/v2\/pages\/1204\/revisions"}],"predecessor-version":[{"id":1493,"href":"https:\/\/aragontenis.com\/index.php\/wp-json\/wp\/v2\/pages\/1204\/revisions\/1493"}],"wp:attachment":[{"href":"https:\/\/aragontenis.com\/index.php\/wp-json\/wp\/v2\/media?parent=1204"}],"curies":[{"name":"wp","href":"https:\/\/api.w.org\/{rel}","templated":true}]}}